rue
Is 78 a factor of 1490580?
True
Is 12148 a multiple of 35?
False
Is 180 a factor of 129552?
False
Is 66 a factor of 8250?
True
Is 97 a factor of 661249?
True
Is 852810 a multiple of 21?
True
Is 139 a factor of 23908?
True
Is 882601 a multiple of 11?
False
Is 4820232 a multiple of 20?
False
Does 3 divide 476552?
False
Is 111233 a multiple of 98?
False
Is 1091 a factor of 460402?
True
Does 240 divide 182976?
False
Does 173 divide 3200686?
False
Is 96 a factor of 45024?
True
Is 1200981 a multiple of 6?
False
Does 13 divide 574858?
False
Does 12 divide 3060489?
False
Is 7 a factor of 19697?
False
Is 565816 a multiple of 176?
False
Does 109 divide 1775283?
True
Is 522 a factor of 3518827?
False
Is 20 a factor of 229591?
False
Is 470 a factor of 2010660?
True
Is 7808229 a multiple of 13?
True
Does 4 divide 146584?
True
Does 30 divide 8197500?
True
Does 17 divide 662202?
False
Is 46206 a multiple of 102?
True
Does 5 divide 95115?
True
Is 710 a factor of 15421464?
False
Is 166455 a multiple of 4?
False
Is 49605 a multiple of 26?
False
Is 779336 a multiple of 168?
False
Is 14 a factor of 34146?
True
Does 179 divide 1218606?
False
Is 2631269 a multiple of 68?
False
Is 58 a factor of 20764?
True
Does 67 divide 83013?
True
Does 8 divide 94231?
False
Is 14637424 a multiple of 26?
False
Is 283971 a multiple of 20?
False
Is 7 a factor of 329502?
False
Is 1122079 a multiple of 110?
False
Is 1375865 a multiple of 50?
False
Is 152064 a multiple of 12?
True
Is 17 a factor of 14977?
True
Does 2 divide 25757?
False
Does 653 divide 6300144?
True
Does 254 divide 98558?
False
Is 7163649 a multiple of 47?
False
Is 30 a factor of 2238240?
True
Is 11651375 a multiple of 425?
True
Is 183831 a multiple of 87?
True
Is 351 a factor of 465025?
False
Is 8 a factor of 36140?
False
Is 130 a factor of 33108010?
True
Is 479 a factor of 12504295?
True
Is 2 a factor of 17081?
False
Is 317736 a multiple of 6?
True
Is 187 a factor of 96223?
False
Is 71 a factor of 454419?
False
Is 106 a factor of 939986?
False
Is 232356 a multiple of 59?
False
Is 103788 a multiple of 62?
True
Does 12 divide 2484?
True
Is 222881 a multiple of 107?
True
Does 1601 divide 5310517?
True
Does 16 divide 301437?
False
Is 8783691 a multiple of 19?
False
Is 6 a factor of 154612?
False
Is 25182080 a multiple of 2695?
True
Is 8 a factor of 566676?
False
Does 65 divide 1497015?
True
Is 238169 a multiple of 295?
False
Is 9914101 a multiple of 6?
False
Does 71 divide 5014801?
True
Is 165996 a multiple of 57?
False
Is 10722025 a multiple of 76?
False
Is 166425 a multiple of 124?
False
Does 84 divide 123585?
False
Does 178 divide 219474?
True
Is 3946454 a multiple of 43?
True
Is 517344 a multiple of 102?
True
Is 24 a factor of 121339?
False
Is 10778266 a multiple of 350?
False
Is 45 a factor of 259020?
True
Is 5999575 a multiple of 4?
False
Is 23 a factor of 582431?
False
Does 16 divide 5847740?
False
Is 208 a factor of 165568?
True
Is 12 a factor of 1086660?
True
Does 24 divide 14208?
True
Is 47165 a multiple of 5?
True
Is 21 a factor of 6952785?
True
Does 8 divide 142599?
False
Is 2 a factor of 3159?
False
Is 18 a factor of 9948785?
False
Is 4457060 a multiple of 392?
False
Does 19 divide 40566?
False
Is 759444 a multiple of 84?
True
Does 16 divide 10188830?
False
Is 683 a factor of 49176?
True
Is 18 a factor of 285044?
False
Is 1175841 a multiple of 7?
False
Does 48 divide 30974?
False
Does 33 divide 904431?
True
Is 172681 a multiple of 13?
False
Is 6 a factor of 1599384?
True
Is 3752520 a multiple of 20?
True
Is 535 a factor of 13104290?
True
Is 233 a factor of 739076?
True
Is 25782 a multiple of 15?
False
Does 200 divide 178776?
False
Is 14 a factor of 9117425?
False
Does 74 divide 526066?
True
Is 5 a factor of 347596?
False
Does 109 divide 3043825?
True
Is 1887 a factor of 11474847?
True
Is 44 a factor of 25986?
False
Is 52 a factor of 1451008?
True
Is 8184 a multiple of 6?
True
Is 17 a factor of 1060701?
False
Is 41363 a multiple of 19?
True
Is 751952 a multiple of 12?
False
Does 6 divide 2053428?
True
Is 3 a factor of 590469?
True
Does 715 divide 926945?
False
Is 1795480 a multiple of 69?
False
Does 131 divide 354486?
True
Is 128844 a multiple of 57?
False
Does 461 divide 1542506?
True
Does 6 divide 502962?
True
Is 5 a factor of 63103?
False
Is 747922 a multiple of 287?
True
Is 380480 a multiple of 58?
True
Is 6 a factor of 1258736?
False
Is 323010 a multiple of 291?
True
Is 46 a factor of 2688242?
False
Is 12832 a multiple of 10?
False
Does 538 divide 1408502?
False
Is 48 a factor of 22389984?
True
Is 69 a factor of 62812?
False
Is 260 a factor of 637128?
False
Does 233 divide 957976?
False
Is 6850350 a multiple of 975?
True
Does 5 divide 149682?
False
Is 78 a factor of 176749?
False
Is 12 a factor of 140544?
True
Is 6208026 a multiple of 22?
True
Is 33 a factor of 890868?
True
Is 3 a factor of 100534?
False
Is 7 a factor of 8292095?
True
Does 3 divide 3726?
True
Is 179792 a multiple of 17?
True
Does 489 divide 2593887?
False
Is 2981038 even?
True
Is 79945 a multiple of 5?
True
Is 13756584 a multiple of 654?
False
Is 5 a factor of 58380?
True
Is 211 a factor of 411028?
True
Is 29 a factor of 2645206?
True
Is 3701766 a multiple of 45?
False
Does 56 divide 857567?
False
Does 7 divide 1643502?
True
Does 45 divide 16076610?
True
Does 439 divide 37754?
True
Is 192377 a multiple of 3?
False
Is 16272 a multiple of 8?
True
Is 347830 a multiple of 35?
True
Does 18 divide 2203840?
False
Is 796 a factor of 67660?
True
Is 541 a factor of 73035?
True
Is 3 a factor of 556?
False
Is 192942 a multiple of 54?
True
Is 608535 a multiple of 7?
False
Is 1055 a factor of 402357?
False
Is 685782 a multiple of 174?
False
Is 425 a factor of 482800?
True
Is 4137638 a multiple of 12?
False
Is 4602486 a multiple of 212?
False
Is 140065 a multiple of 24?
False
Does 125 divide 6630282?
False
Does 44 divide 22835?
False
Does 5 divide 7730?
True
Does 12 divide 1011000?
True
Is 22 a factor of 4076534?
True
Does 457 divide 3867134?
True
Is 113 a factor of 216847?
True
Does 53 divide 170130?
True
Is 3510642 a multiple of 40?
False
Is 245 a factor of 710255?
True
Does 49 divide 77039?
False
Does 145 divide 1236560?
True
Does 37 divide 11856391?
True
Is 5985974 a multiple of 28?
False
Does 183 divide 254639?
False
Is 3 a factor of 452451?
True
Is 3 a factor of 6831?
True
Is 7 a factor of 980252?
True
Does 454 divide 683447?
False
Is 14 a factor of 5118292?
False
Is 441 a factor of 266805?
True
Is 2 a factor of 88758?
True
Is 106 a factor of 166874?
False
Is 977094 a multiple of 19?
True
Does 394 divide 75504?
False
Is 186960 a multiple of 19?
True
Is 31 a factor of 30163?
True
Does 15 divide 219360?
True
Is 807 a factor of 1162080?
True
Is 26868785 a multiple of 229?
False
Does 16 divide 1026187?
False
Does 18 divide 61236?
True
Is 958 a factor of 1049968?
True
Is 1150314 a multiple of 18?
False
Is 196400 a multiple of 10?
True
Is 43 a factor of 2310949?
True
Does 2 divide 73272?
True
Is 11 a factor of 2736019?
True
Does 7 divide 133893?
False
Does 10 divide 44073?
False
Is 293 a factor of 1376891?
False
Is 91 a factor of 60259?
False
Does 46 divide 467270?
False
Is 1541322 a multiple of 146?
True
Does 219 divide 584415?
False
Is 133 a factor of 4083499?
True
Is 808 a factor of 1937891?
False
Is 499550 a multiple of 25?
True
Does 46 divide 135838?
True
Is 2834055 a multiple of 22?
False
Does 808 divide 585800?
True
Is 7 a factor of 27740?
False
Is 47 a factor of 9931533?
False
Is 246 a factor of 716106?
True
Is 4 a factor of 60735?
False
Does 206 divide 23866542?
True
Is 3868150 a multiple of 275?
True
Is 319440 a multiple of 484?
True
Does 84 divide 89040?
True
Does 352 divide 259380?
False
Does 10 divide 2129710?
True
Is 26 a factor of 30264?
True
Does 218 divide 13244590?
True
Is 5 a factor of 105765?
True
Does 825 divide 21898800?
True
Is 795558 a multiple of 13?
False
Is 2335216 a multiple of 103?
True
Is 180428 a multiple of 86?
True
Is 734289 a multiple of 134?
False
Is 53 a factor of 7567?
False
Is 72493 a multiple of 20?
False
Does 8 divide 33907?
False
Does 15 divide 3070725?
True
Is 23863549 a multiple of 13?
False
Does 13 divide 6838?
True
Is 13 a factor of 51155?
True
Is 8 a factor of 485629?
False
Does 53 divide 14792883?